{"id":241,"date":"2020-11-06T21:59:10","date_gmt":"2020-11-06T21:59:10","guid":{"rendered":"http:\/\/olimbic.quantumbarn.com\/?page_id=241"},"modified":"2021-08-25T19:18:19","modified_gmt":"2021-08-25T19:18:19","slug":"dedykowane-v2","status":"publish","type":"page","link":"https:\/\/olimbic.pl\/index.php\/dedykowane-v2\/","title":{"rendered":"podstrona-dedykowane-pl-v2"},"content":{"rendered":"\t\t<div data-elementor-type=\"wp-page\" data-elementor-id=\"241\" class=\"elementor elementor-241\">\n\t\t\t\t\t\t<div class=\"elementor-inner\">\n\t\t\t\t<div class=\"elementor-section-wrap\">\n\t\t\t\t\t\t\t\t\t<section class=\"elementor-section elementor-top-section elementor-element elementor-element-4f943f50 elementor-section-content-top elementor-section-height-full elementor-section-items-top elementor-section-stretched elementor-section-boxed elementor-section-height-default\" data-id=\"4f943f50\" data-element_type=\"section\" data-settings=\"{&quot;background_background&quot;:&quot;classic&quot;,&quot;stretch_section&quot;:&quot;section-stretched&quot;}\">\n\t\t\t\t\t\t\t<div class=\"elementor-background-overlay\"><\/div>\n\t\t\t\t\t\t\t<div class=\"elementor-container elementor-column-gap-no\">\n\t\t\t\t\t\t\t<div class=\"elementor-row\">\n\t\t\t\t\t<div class=\"elementor-column elementor-col-50 elementor-top-column elementor-element elementor-element-2f665953\" data-id=\"2f665953\" data-element_type=\"column\">\n\t\t\t<div class=\"elementor-column-wrap elementor-element-populated\">\n\t\t\t\t\t\t\t<div class=\"elementor-widget-wrap\">\n\t\t\t\t\t\t<div class=\"elementor-element elementor-element-33b25c3 elementor-view-default elementor-widget elementor-widget-icon\" data-id=\"33b25c3\" data-element_type=\"widget\" data-widget_type=\"icon.default\">\n\t\t\t\t<div class=\"elementor-widget-container\">\n\t\t\t\t\t<div class=\"elementor-icon-wrapper\">\n\t\t\t<a class=\"elementor-icon\" href=\"http:\/\/olimbic.pl\/#komu_dedykujemy\">\n\t\t\t<i aria-hidden=\"true\" class=\"far fa-arrow-alt-circle-left\"><\/i>\t\t\t<\/a>\n\t\t<\/div>\n\t\t\t\t<\/div>\n\t\t\t\t<\/div>\n\t\t\t\t<div class=\"elementor-element elementor-element-7ea2486 elementor-widget-divider--view-line elementor-widget elementor-widget-divider\" data-id=\"7ea2486\" data-element_type=\"widget\" data-widget_type=\"divider.default\">\n\t\t\t\t<div class=\"elementor-widget-container\">\n\t\t\t\t\t<div class=\"elementor-divider\">\n\t\t\t<span class=\"elementor-divider-separator\">\n\t\t\t\t\t\t<\/span>\n\t\t<\/div>\n\t\t\t\t<\/div>\n\t\t\t\t<\/div>\n\t\t\t\t<div class=\"elementor-element elementor-element-32833b3 elementor-widget elementor-widget-heading\" data-id=\"32833b3\" data-element_type=\"widget\" data-widget_type=\"heading.default\">\n\t\t\t\t<div class=\"elementor-widget-container\">\n\t\t\t<h4 class=\"elementor-heading-title elementor-size-default\">DEDYKOWANE<\/h4>\t\t<\/div>\n\t\t\t\t<\/div>\n\t\t\t\t\t\t<\/div>\n\t\t\t\t\t<\/div>\n\t\t<\/div>\n\t\t\t\t<div class=\"elementor-column elementor-col-50 elementor-top-column elementor-element elementor-element-54d26145\" data-id=\"54d26145\" data-element_type=\"column\">\n\t\t\t<div class=\"elementor-column-wrap elementor-element-populated\">\n\t\t\t\t\t\t\t<div class=\"elementor-widget-wrap\">\n\t\t\t\t\t\t<div class=\"elementor-element elementor-element-82a6d28 elementor-widget elementor-widget-text-editor\" data-id=\"82a6d28\" data-element_type=\"widget\" data-widget_type=\"text-editor.default\">\n\t\t\t\t<div class=\"elementor-widget-container\">\n\t\t\t\t\t\t\t\t<div class=\"elementor-text-editor elementor-clearfix\">\n\t\t\t\t<p><span style=\"font-weight: 400;\">OLIMBIC dedykuje swoj\u0105 prac\u0119 wszystkim ludziom zwi\u0105zanym ze sportem. Odbiorcami naszych dzia\u0142a\u0144 mog\u0105 zosta\u0107:<\/span><\/p><ul><li><span style=\"font-weight: 400;\">kluby sportowe<\/span><\/li><li><span style=\"font-weight: 400;\">trenerzy<\/span><\/li><li><span style=\"font-weight: 400;\">zawodnicy<\/span><\/li><li><span style=\"font-weight: 400;\">trenerzy specjali\u015bci<\/span><\/li><li><span style=\"font-weight: 400;\">rodzice<\/span><\/li><\/ul><p>\u00a0<\/p><p><span style=\"font-weight: 400;\">Ka\u017cdy staje przed innymi wyzwaniami. OLIMBIC nie zostawi Was samych. B\u0119dziemy z Wami w ka\u017cdej sytuacji i w ka\u017cdych okoliczno\u015bciach!<\/span><\/p>\t\t\t\t\t<\/div>\n\t\t\t\t\t\t<\/div>\n\t\t\t\t<\/div>\n\t\t\t\t\t\t<\/div>\n\t\t\t\t\t<\/div>\n\t\t<\/div>\n\t\t\t\t\t\t\t\t<\/div>\n\t\t\t\t\t<\/div>\n\t\t<\/section>\n\t\t\t\t\t\t\t\t\t<\/div>\n\t\t\t<\/div>\n\t\t\t\t\t<\/div>\n\t\t","protected":false},"excerpt":{"rendered":"<p>DEDYKOWANE OLIMBIC dedykuje swoj\u0105 prac\u0119 wszystkim ludziom zwi\u0105zanym ze sportem. Odbiorcami naszych dzia\u0142a\u0144 mog\u0105 zosta\u0107: kluby sportowe trenerzy zawodnicy trenerzy specjali\u015bci rodzice \u00a0 Ka\u017cdy staje przed innymi wyzwaniami. OLIMBIC nie zostawi Was samych. B\u0119dziemy z Wami w ka\u017cdej sytuacji i w ka\u017cdych okoliczno\u015bciach!<\/p>\n","protected":false},"author":1,"featured_media":0,"parent":0,"menu_order":0,"comment_status":"closed","ping_status":"closed","template":"elementor_header_footer","meta":{"inline_featured_image":false},"_links":{"self":[{"href":"https:\/\/olimbic.pl\/index.php\/wp-json\/wp\/v2\/pages\/241"}],"collection":[{"href":"https:\/\/olimbic.pl\/index.php\/wp-json\/wp\/v2\/pages"}],"about":[{"href":"https:\/\/olimbic.pl\/index.php\/wp-json\/wp\/v2\/types\/page"}],"author":[{"embeddable":true,"href":"https:\/\/olimbic.pl\/index.php\/wp-json\/wp\/v2\/users\/1"}],"replies":[{"embeddable":true,"href":"https:\/\/olimbic.pl\/index.php\/wp-json\/wp\/v2\/comments?post=241"}],"version-history":[{"count":41,"href":"https:\/\/olimbic.pl\/index.php\/wp-json\/wp\/v2\/pages\/241\/revisions"}],"predecessor-version":[{"id":735,"href":"https:\/\/olimbic.pl\/index.php\/wp-json\/wp\/v2\/pages\/241\/revisions\/735"}],"wp:attachment":[{"href":"https:\/\/olimbic.pl\/index.php\/wp-json\/wp\/v2\/media?parent=241"}],"curies":[{"name":"wp","href":"https:\/\/api.w.org\/{rel}","templated":true}]}}