{"id":557,"date":"2020-11-20T22:16:11","date_gmt":"2020-11-20T22:16:11","guid":{"rendered":"http:\/\/olimbic.quantumbarn.com\/?page_id=557"},"modified":"2021-08-25T19:17:38","modified_gmt":"2021-08-25T19:17:38","slug":"podstrona-jak_pracujemy-pl-v1","status":"publish","type":"page","link":"https:\/\/olimbic.pl\/index.php\/podstrona-jak_pracujemy-pl-v1\/","title":{"rendered":"podstrona-jak-pracujemy-pl-v1"},"content":{"rendered":"\t\t<div data-elementor-type=\"wp-page\" data-elementor-id=\"557\" class=\"elementor elementor-557\">\n\t\t\t\t\t\t<div class=\"elementor-inner\">\n\t\t\t\t<div class=\"elementor-section-wrap\">\n\t\t\t\t\t\t\t\t\t<section class=\"elementor-section elementor-top-section elementor-element elementor-element-4f943f50 elementor-section-content-top elementor-section-boxed elementor-section-height-default elementor-section-height-default\" data-id=\"4f943f50\" data-element_type=\"section\" data-settings=\"{&quot;background_background&quot;:&quot;classic&quot;}\">\n\t\t\t\t\t\t\t<div class=\"elementor-background-overlay\"><\/div>\n\t\t\t\t\t\t\t<div class=\"elementor-container elementor-column-gap-no\">\n\t\t\t\t\t\t\t<div class=\"elementor-row\">\n\t\t\t\t\t<div class=\"elementor-column elementor-col-50 elementor-top-column elementor-element elementor-element-2f665953\" data-id=\"2f665953\" data-element_type=\"column\">\n\t\t\t<div class=\"elementor-column-wrap elementor-element-populated\">\n\t\t\t\t\t\t\t<div class=\"elementor-widget-wrap\">\n\t\t\t\t\t\t<div class=\"elementor-element elementor-element-33b25c3 elementor-view-default elementor-widget elementor-widget-icon\" data-id=\"33b25c3\" data-element_type=\"widget\" data-widget_type=\"icon.default\">\n\t\t\t\t<div class=\"elementor-widget-container\">\n\t\t\t\t\t<div class=\"elementor-icon-wrapper\">\n\t\t\t<a class=\"elementor-icon\" href=\"http:\/\/olimbic.pl\/#jak_pracujemy\">\n\t\t\t<i aria-hidden=\"true\" class=\"far fa-arrow-alt-circle-left\"><\/i>\t\t\t<\/a>\n\t\t<\/div>\n\t\t\t\t<\/div>\n\t\t\t\t<\/div>\n\t\t\t\t<div class=\"elementor-element elementor-element-7ea2486 elementor-widget-divider--view-line elementor-widget elementor-widget-divider\" data-id=\"7ea2486\" data-element_type=\"widget\" data-widget_type=\"divider.default\">\n\t\t\t\t<div class=\"elementor-widget-container\">\n\t\t\t\t\t<div class=\"elementor-divider\">\n\t\t\t<span class=\"elementor-divider-separator\">\n\t\t\t\t\t\t<\/span>\n\t\t<\/div>\n\t\t\t\t<\/div>\n\t\t\t\t<\/div>\n\t\t\t\t<div class=\"elementor-element elementor-element-32833b3 elementor-widget elementor-widget-heading\" data-id=\"32833b3\" data-element_type=\"widget\" data-widget_type=\"heading.default\">\n\t\t\t\t<div class=\"elementor-widget-container\">\n\t\t\t<h4 class=\"elementor-heading-title elementor-size-default\">DBAMY O<\/h4>\t\t<\/div>\n\t\t\t\t<\/div>\n\t\t\t\t\t\t<\/div>\n\t\t\t\t\t<\/div>\n\t\t<\/div>\n\t\t\t\t<div class=\"elementor-column elementor-col-50 elementor-top-column elementor-element elementor-element-54d26145\" data-id=\"54d26145\" data-element_type=\"column\">\n\t\t\t<div class=\"elementor-column-wrap elementor-element-populated\">\n\t\t\t\t\t\t\t<div class=\"elementor-widget-wrap\">\n\t\t\t\t\t\t<div class=\"elementor-element elementor-element-82a6d28 elementor-widget elementor-widget-text-editor\" data-id=\"82a6d28\" data-element_type=\"widget\" data-widget_type=\"text-editor.default\">\n\t\t\t\t<div class=\"elementor-widget-container\">\n\t\t\t\t\t\t\t\t<div class=\"elementor-text-editor elementor-clearfix\">\n\t\t\t\tW naszej pracy, my\u015bl\u0105c o Tobie, jako o cz\u0142owieku sportu, interesuj\u0105 nas trzy, niezmiernie wa\u017cne, przenikaj\u0105ce si\u0119 nawzajem przestrzenie, o kt\u00f3re dbamy z nale\u017cyt\u0105 trosk\u0105. S\u0105 to:\t\t\t\t\t<\/div>\n\t\t\t\t\t\t<\/div>\n\t\t\t\t<\/div>\n\t\t\t\t<div class=\"elementor-element elementor-element-9ddceff elementor-widget elementor-widget-heading\" data-id=\"9ddceff\" data-element_type=\"widget\" data-widget_type=\"heading.default\">\n\t\t\t\t<div class=\"elementor-widget-container\">\n\t\t\t<h4 class=\"elementor-heading-title elementor-size-default\">KOMUNIKACJA<\/h4>\t\t<\/div>\n\t\t\t\t<\/div>\n\t\t\t\t<div class=\"elementor-element elementor-element-cc6d9b0 elementor-widget elementor-widget-image\" data-id=\"cc6d9b0\" data-element_type=\"widget\" data-widget_type=\"image.default\">\n\t\t\t\t<div class=\"elementor-widget-container\">\n\t\t\t\t\t\t\t\t<div class=\"elementor-image\">\n\t\t\t\t\t\t\t\t\t\t\t\t<img width=\"655\" height=\"256\" src=\"https:\/\/olimbic.pl\/wp-content\/uploads\/2020\/10\/komunikacja.jpg\" class=\"attachment-large size-large wp-image-107\" alt=\"\" loading=\"lazy\" \/>\t\t\t\t\t\t\t\t\t\t\t\t\t\t<\/div>\n\t\t\t\t\t\t<\/div>\n\t\t\t\t<\/div>\n\t\t\t\t<div class=\"elementor-element elementor-element-10514dc elementor-widget elementor-widget-testimonial\" data-id=\"10514dc\" data-element_type=\"widget\" data-widget_type=\"testimonial.default\">\n\t\t\t\t<div class=\"elementor-widget-container\">\n\t\t\t\t\t<div class=\"elementor-testimonial-wrapper\">\n\t\t\t\t\t\t\t<div class=\"elementor-testimonial-content\">\"Najwi\u0119kszym problemem w komunikacji jest to, \u017ce nie s\u0142uchamy by zrozumie\u0107.\nS\u0142uchamy po to,  by odpowiedzie\u0107.\"\n<\/div>\n\t\t\t\n\t\t\t\t\t\t<div class=\"elementor-testimonial-meta\">\n\t\t\t\t<div class=\"elementor-testimonial-meta-inner\">\n\t\t\t\t\t\n\t\t\t\t\t\t\t\t\t\t<div class=\"elementor-testimonial-details\">\n\t\t\t\t\t\t\t\t\t\t\t\t\t\t<div class=\"elementor-testimonial-name\">Stephen Covey<\/div>\n\t\t\t\t\t\t\t\t\t\t\t\t\t\t\t\t\t\t\t<\/div>\n\t\t\t\t\t\t\t\t\t<\/div>\n\t\t\t<\/div>\n\t\t\t\t\t<\/div>\n\t\t\t\t<\/div>\n\t\t\t\t<\/div>\n\t\t\t\t<div class=\"elementor-element elementor-element-22a5779 elementor-widget elementor-widget-text-editor\" data-id=\"22a5779\" data-element_type=\"widget\" data-widget_type=\"text-editor.default\">\n\t\t\t\t<div class=\"elementor-widget-container\">\n\t\t\t\t\t\t\t\t<div class=\"elementor-text-editor elementor-clearfix\">\n\t\t\t\t<p>Do\u015bwiadczenie OLIMBIC pokazuje, \u017ce zanim rozpoczniemy prac\u0119 nad jak\u0105kolwiek inn\u0105 kompetencj\u0105, pochodz\u0105c\u0105 ze sfery spo\u0142ecznej b\u0105d\u017a emocjonalnej, powinni\u015bmy zaczyna\u0107 od komunikacji. Na pocz\u0105tku musimy ze sob\u0105 po prostu porozmawia\u0107.<\/p>\t\t\t\t\t<\/div>\n\t\t\t\t\t\t<\/div>\n\t\t\t\t<\/div>\n\t\t\t\t<div class=\"elementor-element elementor-element-dea89e8 elementor-widget elementor-widget-heading\" data-id=\"dea89e8\" data-element_type=\"widget\" data-widget_type=\"heading.default\">\n\t\t\t\t<div class=\"elementor-widget-container\">\n\t\t\t<h4 class=\"elementor-heading-title elementor-size-default\">ROZW\u00d3J<\/h4>\t\t<\/div>\n\t\t\t\t<\/div>\n\t\t\t\t<div class=\"elementor-element elementor-element-9d1078e elementor-widget elementor-widget-image\" data-id=\"9d1078e\" data-element_type=\"widget\" data-widget_type=\"image.default\">\n\t\t\t\t<div class=\"elementor-widget-container\">\n\t\t\t\t\t\t\t\t<div class=\"elementor-image\">\n\t\t\t\t\t\t\t\t\t\t\t\t<img width=\"344\" height=\"293\" src=\"https:\/\/olimbic.pl\/wp-content\/uploads\/2020\/10\/rozwo\u0301j.jpg\" class=\"attachment-large size-large wp-image-110\" alt=\"\" loading=\"lazy\" \/>\t\t\t\t\t\t\t\t\t\t\t\t\t\t<\/div>\n\t\t\t\t\t\t<\/div>\n\t\t\t\t<\/div>\n\t\t\t\t<div class=\"elementor-element elementor-element-bc241de elementor-widget elementor-widget-testimonial\" data-id=\"bc241de\" data-element_type=\"widget\" data-widget_type=\"testimonial.default\">\n\t\t\t\t<div class=\"elementor-widget-container\">\n\t\t\t\t\t<div class=\"elementor-testimonial-wrapper\">\n\t\t\t\t\t\t\t<div class=\"elementor-testimonial-content\">\u201eCel, to marzenie z dat\u0105 realizacji\u201d<\/div>\n\t\t\t\n\t\t\t\t\t\t<div class=\"elementor-testimonial-meta\">\n\t\t\t\t<div class=\"elementor-testimonial-meta-inner\">\n\t\t\t\t\t\n\t\t\t\t\t\t\t\t\t\t<div class=\"elementor-testimonial-details\">\n\t\t\t\t\t\t\t\t\t\t\t\t\t\t<div class=\"elementor-testimonial-name\">Napoleon Hill<\/div>\n\t\t\t\t\t\t\t\t\t\t\t\t\t\t\t\t\t\t\t<\/div>\n\t\t\t\t\t\t\t\t\t<\/div>\n\t\t\t<\/div>\n\t\t\t\t\t<\/div>\n\t\t\t\t<\/div>\n\t\t\t\t<\/div>\n\t\t\t\t<div class=\"elementor-element elementor-element-3c3d43f elementor-widget elementor-widget-text-editor\" data-id=\"3c3d43f\" data-element_type=\"widget\" data-widget_type=\"text-editor.default\">\n\t\t\t\t<div class=\"elementor-widget-container\">\n\t\t\t\t\t\t\t\t<div class=\"elementor-text-editor elementor-clearfix\">\n\t\t\t\tJedn\u0105 z g\u0142\u00f3wnych idei OLIMBIC jest motywowanie ludzi do rozwoju, we wszystkich p\u0142aszczyznach ich funkcjonowania! Rozw\u00f3j rozumiemy jako umiej\u0119tne stawianie cel\u00f3w i konsekwentne d\u0105\u017cenie do ich realizacji, niejednokrotnie przez kryzys, przekraczanie w\u0142asnych ogranicze\u0144 czy wr\u0119cz weryfikowanie lub modyfikacj\u0119 celu! Naszym celem jest w pe\u0142ni wykorzysta\u0107 dany Wam potencja\u0142!\t\t\t\t\t<\/div>\n\t\t\t\t\t\t<\/div>\n\t\t\t\t<\/div>\n\t\t\t\t<div class=\"elementor-element elementor-element-b6e648f elementor-widget elementor-widget-heading\" data-id=\"b6e648f\" data-element_type=\"widget\" data-widget_type=\"heading.default\">\n\t\t\t\t<div class=\"elementor-widget-container\">\n\t\t\t<h4 class=\"elementor-heading-title elementor-size-default\">ROZW\u00d3J<\/h4>\t\t<\/div>\n\t\t\t\t<\/div>\n\t\t\t\t<div class=\"elementor-element elementor-element-2dfaf0d elementor-widget elementor-widget-image\" data-id=\"2dfaf0d\" data-element_type=\"widget\" data-widget_type=\"image.default\">\n\t\t\t\t<div class=\"elementor-widget-container\">\n\t\t\t\t\t\t\t\t<div class=\"elementor-image\">\n\t\t\t\t\t\t\t\t\t\t\t\t<img width=\"344\" height=\"293\" src=\"https:\/\/olimbic.pl\/wp-content\/uploads\/2020\/10\/rozwo\u0301j.jpg\" class=\"attachment-large size-large wp-image-110\" alt=\"\" loading=\"lazy\" \/>\t\t\t\t\t\t\t\t\t\t\t\t\t\t<\/div>\n\t\t\t\t\t\t<\/div>\n\t\t\t\t<\/div>\n\t\t\t\t<div class=\"elementor-element elementor-element-ea5f5b1 elementor-widget elementor-widget-testimonial\" data-id=\"ea5f5b1\" data-element_type=\"widget\" data-widget_type=\"testimonial.default\">\n\t\t\t\t<div class=\"elementor-widget-container\">\n\t\t\t\t\t<div class=\"elementor-testimonial-wrapper\">\n\t\t\t\t\t\t\t<div class=\"elementor-testimonial-content\">\u201eWielu ludzi lubi my\u015ble\u0107, \u017ce znajd\u0105 balans w \u017cyciu po osi\u0105gni\u0119ciu sukcesu. \nTak naprawd\u0119 jednak, to osi\u0105gni\u0119cie balansu jest sukcesem.\u201d<\/div>\n\t\t\t\n\t\t\t\t\t\t<div class=\"elementor-testimonial-meta\">\n\t\t\t\t<div class=\"elementor-testimonial-meta-inner\">\n\t\t\t\t\t\n\t\t\t\t\t\t\t\t\t\t<div class=\"elementor-testimonial-details\">\n\t\t\t\t\t\t\t\t\t\t\t\t\t\t<div class=\"elementor-testimonial-name\">Brian Koslow<\/div>\n\t\t\t\t\t\t\t\t\t\t\t\t\t\t\t\t\t\t\t<\/div>\n\t\t\t\t\t\t\t\t\t<\/div>\n\t\t\t<\/div>\n\t\t\t\t\t<\/div>\n\t\t\t\t<\/div>\n\t\t\t\t<\/div>\n\t\t\t\t<div class=\"elementor-element elementor-element-a5651be elementor-widget elementor-widget-text-editor\" data-id=\"a5651be\" data-element_type=\"widget\" data-widget_type=\"text-editor.default\">\n\t\t\t\t<div class=\"elementor-widget-container\">\n\t\t\t\t\t\t\t\t<div class=\"elementor-text-editor elementor-clearfix\">\n\t\t\t\tDla OLIMBIC balans jest zar\u00f3wno celem, jak i \u015brodkiem do osi\u0105gni\u0119cia celu \u2013 fundamentem! W naszej pracy najwa\u017cniejsze jest zachowanie proporcji we wszystkich aspektach, takich jak: czas, zadanie, proces, emocje, my\u015bli, zachowania, relacje, tak, aby w konsekwencji mie\u0107 poczucie kontroli nad w\u0142asnym rozwojem, warunkowanym sukcesami. W przypadku pora\u017cki znajdujemy dystans i chwil\u0119 zatrzymania po to, aby umiej\u0119tnie wyci\u0105ga\u0107 wnioski przekuwaj\u0105c pora\u017ck\u0119 w kolejny sukces.\t\t\t\t\t<\/div>\n\t\t\t\t\t\t<\/div>\n\t\t\t\t<\/div>\n\t\t\t\t\t\t<\/div>\n\t\t\t\t\t<\/div>\n\t\t<\/div>\n\t\t\t\t\t\t\t\t<\/div>\n\t\t\t\t\t<\/div>\n\t\t<\/section>\n\t\t\t\t\t\t\t\t\t<\/div>\n\t\t\t<\/div>\n\t\t\t\t\t<\/div>\n\t\t","protected":false},"excerpt":{"rendered":"<p>DBAMY O W naszej pracy, my\u015bl\u0105c o Tobie, jako o cz\u0142owieku sportu, interesuj\u0105 nas trzy, niezmiernie wa\u017cne, przenikaj\u0105ce si\u0119 nawzajem przestrzenie, o kt\u00f3re dbamy z nale\u017cyt\u0105 trosk\u0105. S\u0105 to: KOMUNIKACJA &#8222;Najwi\u0119kszym problemem w komunikacji jest to, \u017ce nie s\u0142uchamy by zrozumie\u0107. S\u0142uchamy po to, by odpowiedzie\u0107.&#8221; Stephen Covey Do\u015bwiadczenie OLIMBIC pokazuje, \u017ce zanim rozpoczniemy prac\u0119 [&hellip;]<\/p>\n","protected":false},"author":1,"featured_media":0,"parent":0,"menu_order":0,"comment_status":"closed","ping_status":"closed","template":"elementor_header_footer","meta":{"inline_featured_image":false},"_links":{"self":[{"href":"https:\/\/olimbic.pl\/index.php\/wp-json\/wp\/v2\/pages\/557"}],"collection":[{"href":"https:\/\/olimbic.pl\/index.php\/wp-json\/wp\/v2\/pages"}],"about":[{"href":"https:\/\/olimbic.pl\/index.php\/wp-json\/wp\/v2\/types\/page"}],"author":[{"embeddable":true,"href":"https:\/\/olimbic.pl\/index.php\/wp-json\/wp\/v2\/users\/1"}],"replies":[{"embeddable":true,"href":"https:\/\/olimbic.pl\/index.php\/wp-json\/wp\/v2\/comments?post=557"}],"version-history":[{"count":13,"href":"https:\/\/olimbic.pl\/index.php\/wp-json\/wp\/v2\/pages\/557\/revisions"}],"predecessor-version":[{"id":729,"href":"https:\/\/olimbic.pl\/index.php\/wp-json\/wp\/v2\/pages\/557\/revisions\/729"}],"wp:attachment":[{"href":"https:\/\/olimbic.pl\/index.php\/wp-json\/wp\/v2\/media?parent=557"}],"curies":[{"name":"wp","href":"https:\/\/api.w.org\/{rel}","templated":true}]}}