{"id":638,"date":"2020-12-04T19:15:43","date_gmt":"2020-12-04T19:15:43","guid":{"rendered":"https:\/\/olimbic.pl\/?page_id=638"},"modified":"2021-08-25T19:20:54","modified_gmt":"2021-08-25T19:20:54","slug":"podstrona-jakub-ostrowski-pl-v1","status":"publish","type":"page","link":"https:\/\/olimbic.pl\/index.php\/podstrona-jakub-ostrowski-pl-v1\/","title":{"rendered":"podstrona-jakub-ostrowski-pl-v1"},"content":{"rendered":"\t\t<div data-elementor-type=\"wp-page\" data-elementor-id=\"638\" class=\"elementor elementor-638\">\n\t\t\t\t\t\t<div class=\"elementor-inner\">\n\t\t\t\t<div class=\"elementor-section-wrap\">\n\t\t\t\t\t\t\t\t\t<section class=\"elementor-section elementor-top-section elementor-element elementor-element-4f943f50 elementor-section-content-top elementor-section-height-full elementor-section-items-top elementor-section-boxed elementor-section-height-default\" data-id=\"4f943f50\" data-element_type=\"section\" data-settings=\"{&quot;background_background&quot;:&quot;classic&quot;}\">\n\t\t\t\t\t\t\t<div class=\"elementor-background-overlay\"><\/div>\n\t\t\t\t\t\t\t<div class=\"elementor-container elementor-column-gap-no\">\n\t\t\t\t\t\t\t<div class=\"elementor-row\">\n\t\t\t\t\t<div class=\"elementor-column elementor-col-50 elementor-top-column elementor-element elementor-element-2f665953\" data-id=\"2f665953\" data-element_type=\"column\">\n\t\t\t<div class=\"elementor-column-wrap elementor-element-populated\">\n\t\t\t\t\t\t\t<div class=\"elementor-widget-wrap\">\n\t\t\t\t\t\t<div class=\"elementor-element elementor-element-33b25c3 elementor-view-default elementor-widget elementor-widget-icon\" data-id=\"33b25c3\" data-element_type=\"widget\" data-widget_type=\"icon.default\">\n\t\t\t\t<div class=\"elementor-widget-container\">\n\t\t\t\t\t<div class=\"elementor-icon-wrapper\">\n\t\t\t<a class=\"elementor-icon\" href=\"http:\/\/olimbic.pl\">\n\t\t\t<i aria-hidden=\"true\" class=\"far fa-arrow-alt-circle-left\"><\/i>\t\t\t<\/a>\n\t\t<\/div>\n\t\t\t\t<\/div>\n\t\t\t\t<\/div>\n\t\t\t\t<div class=\"elementor-element elementor-element-7ea2486 elementor-widget-divider--view-line elementor-widget elementor-widget-divider\" data-id=\"7ea2486\" data-element_type=\"widget\" data-widget_type=\"divider.default\">\n\t\t\t\t<div class=\"elementor-widget-container\">\n\t\t\t\t\t<div class=\"elementor-divider\">\n\t\t\t<span class=\"elementor-divider-separator\">\n\t\t\t\t\t\t<\/span>\n\t\t<\/div>\n\t\t\t\t<\/div>\n\t\t\t\t<\/div>\n\t\t\t\t<div class=\"elementor-element elementor-element-32833b3 elementor-widget elementor-widget-heading\" data-id=\"32833b3\" data-element_type=\"widget\" data-widget_type=\"heading.default\">\n\t\t\t\t<div class=\"elementor-widget-container\">\n\t\t\t<h4 class=\"elementor-heading-title elementor-size-default\">JAKUB OSTROWSKI<\/h4>\t\t<\/div>\n\t\t\t\t<\/div>\n\t\t\t\t\t\t<\/div>\n\t\t\t\t\t<\/div>\n\t\t<\/div>\n\t\t\t\t<div class=\"elementor-column elementor-col-50 elementor-top-column elementor-element elementor-element-54d26145\" data-id=\"54d26145\" data-element_type=\"column\">\n\t\t\t<div class=\"elementor-column-wrap elementor-element-populated\">\n\t\t\t\t\t\t\t<div class=\"elementor-widget-wrap\">\n\t\t\t\t\t\t<div class=\"elementor-element elementor-element-82a6d28 elementor-widget elementor-widget-text-editor\" data-id=\"82a6d28\" data-element_type=\"widget\" data-widget_type=\"text-editor.default\">\n\t\t\t\t<div class=\"elementor-widget-container\">\n\t\t\t\t\t\t\t\t<div class=\"elementor-text-editor elementor-clearfix\">\n\t\t\t\tNazywam si\u0119 Jakub Ostrowski. OLIMBIC jest spe\u0142nieniem moich marze\u0144. To miejsce\npowsta\u0142o po to, by pomaga\u0107, wspiera\u0107, towarzyszy\u0107, dba\u0107, troszczy\u0107 si\u0119. Dzieli\u0107 si\u0119 do\u015bwiadczeniem,\nwiedz\u0105, umiej\u0119tno\u015bciami.\t\t\t\t\t<\/div>\n\t\t\t\t\t\t<\/div>\n\t\t\t\t<\/div>\n\t\t\t\t<div class=\"elementor-element elementor-element-24c9523 elementor-widget elementor-widget-text-editor\" data-id=\"24c9523\" data-element_type=\"widget\" data-widget_type=\"text-editor.default\">\n\t\t\t\t<div class=\"elementor-widget-container\">\n\t\t\t\t\t\t\t\t<div class=\"elementor-text-editor elementor-clearfix\">\n\t\t\t\tW sporcie jestem od zawsze. Odk\u0105d pami\u0119tam, biega\u0142em jako dzieciak za pi\u0142k\u0105, wspina\u0142em si\u0119 na drzewa, biega\u0142em po pla\u017cy. W trakcie swojego sportowego \u017cycia by\u0142em zawodowym pi\u0142karzem. Obecnie pracuj\u0119 jako trener, nauczyciel wychowania fizycznego, psycholog sportu. Amatorsko i hobbystycznie trenuj\u0119 biegi d\u0142ugodystansowe oraz uprawiam triathlon. Mam wspania\u0142\u0105 \u017con\u0119 oraz\ntr\u00f3jk\u0119 niesamowitych dzieci.\t\t\t\t\t<\/div>\n\t\t\t\t\t\t<\/div>\n\t\t\t\t<\/div>\n\t\t\t\t<div class=\"elementor-element elementor-element-6b1fcda elementor-widget elementor-widget-text-editor\" data-id=\"6b1fcda\" data-element_type=\"widget\" data-widget_type=\"text-editor.default\">\n\t\t\t\t<div class=\"elementor-widget-container\">\n\t\t\t\t\t\t\t\t<div class=\"elementor-text-editor elementor-clearfix\">\n\t\t\t\tPragn\u0119 da\u0107 Wam cz\u0105stk\u0119 siebie, ze wszystkim co zebra\u0142em przez ca\u0142\u0105 swoj\u0105 przygod\u0119 ze sportem.\nWiedz\u0119, do\u015bwiadczenie, obserwacj\u0119. Sport jest \u017ar\u00f3d\u0142em niesamowitym dozna\u0144. Niech sport\nudekoruje Wasze \u017cycie, b\u0119dzie czym\u015b, co b\u0119dzie Wam towarzyszy\u0107 zawsze, na dobre i na z\u0142e!\t\t\t\t\t<\/div>\n\t\t\t\t\t\t<\/div>\n\t\t\t\t<\/div>\n\t\t\t\t<div class=\"elementor-element elementor-element-bcadb87 elementor-widget elementor-widget-text-editor\" data-id=\"bcadb87\" data-element_type=\"widget\" data-widget_type=\"text-editor.default\">\n\t\t\t\t<div class=\"elementor-widget-container\">\n\t\t\t\t\t\t\t\t<div class=\"elementor-text-editor elementor-clearfix\">\n\t\t\t\t<p>Kwalifikacje zawodowe:<\/p>\n<ul>\n<li>absolwent AWF Pozna\u0144<\/li>\n<li>trener pi\u0142ki no\u017cnej \u2013 licencja UEFA A<\/li>\n<li>absolwent SWPS studia podyplomowe \u2013 Psychologia Sportu w nurcie sportu pozytywnego&nbsp;<\/li>\n<\/ul>\t\t\t\t\t<\/div>\n\t\t\t\t\t\t<\/div>\n\t\t\t\t<\/div>\n\t\t\t\t\t\t<\/div>\n\t\t\t\t\t<\/div>\n\t\t<\/div>\n\t\t\t\t\t\t\t\t<\/div>\n\t\t\t\t\t<\/div>\n\t\t<\/section>\n\t\t\t\t\t\t\t\t\t<\/div>\n\t\t\t<\/div>\n\t\t\t\t\t<\/div>\n\t\t","protected":false},"excerpt":{"rendered":"<p>JAKUB OSTROWSKI Nazywam si\u0119 Jakub Ostrowski. OLIMBIC jest spe\u0142nieniem moich marze\u0144. To miejsce powsta\u0142o po to, by pomaga\u0107, wspiera\u0107, towarzyszy\u0107, dba\u0107, troszczy\u0107 si\u0119. Dzieli\u0107 si\u0119 do\u015bwiadczeniem, wiedz\u0105, umiej\u0119tno\u015bciami.W sporcie jestem od zawsze. Odk\u0105d pami\u0119tam, biega\u0142em jako dzieciak za pi\u0142k\u0105, wspina\u0142em si\u0119 na drzewa, biega\u0142em po pla\u017cy. W trakcie swojego sportowego \u017cycia by\u0142em zawodowym pi\u0142karzem. Obecnie [&hellip;]<\/p>\n","protected":false},"author":1,"featured_media":0,"parent":0,"menu_order":0,"comment_status":"closed","ping_status":"closed","template":"elementor_header_footer","meta":{"inline_featured_image":false},"_links":{"self":[{"href":"https:\/\/olimbic.pl\/index.php\/wp-json\/wp\/v2\/pages\/638"}],"collection":[{"href":"https:\/\/olimbic.pl\/index.php\/wp-json\/wp\/v2\/pages"}],"about":[{"href":"https:\/\/olimbic.pl\/index.php\/wp-json\/wp\/v2\/types\/page"}],"author":[{"embeddable":true,"href":"https:\/\/olimbic.pl\/index.php\/wp-json\/wp\/v2\/users\/1"}],"replies":[{"embeddable":true,"href":"https:\/\/olimbic.pl\/index.php\/wp-json\/wp\/v2\/comments?post=638"}],"version-history":[{"count":17,"href":"https:\/\/olimbic.pl\/index.php\/wp-json\/wp\/v2\/pages\/638\/revisions"}],"predecessor-version":[{"id":738,"href":"https:\/\/olimbic.pl\/index.php\/wp-json\/wp\/v2\/pages\/638\/revisions\/738"}],"wp:attachment":[{"href":"https:\/\/olimbic.pl\/index.php\/wp-json\/wp\/v2\/media?parent=638"}],"curies":[{"name":"wp","href":"https:\/\/api.w.org\/{rel}","templated":true}]}}